{"version":"1.0","provider_name":"Citen ","provider_url":"https:\/\/www.citen.fr\/wp","author_name":"Denis CAMBON","author_url":"https:\/\/www.citen.fr\/wp\/author\/dcambon\/","title":"L'objectif - Citen","type":"rich","width":600,"height":338,"html":"<blockquote class=\"wp-embedded-content\" data-secret=\"mTylbugzEv\"><a href=\"https:\/\/www.citen.fr\/wp\/lassociation\/lobjectif\/\">L&rsquo;objectif<\/a><\/blockquote><iframe sandbox=\"allow-scripts\" security=\"restricted\" src=\"https:\/\/www.citen.fr\/wp\/lassociation\/lobjectif\/embed\/#?secret=mTylbugzEv\" width=\"600\" height=\"338\" title=\"\u00ab\u00a0L&rsquo;objectif\u00a0\u00bb &#8212; Citen \" data-secret=\"mTylbugzEv\" frameborder=\"0\" marginwidth=\"0\" marginheight=\"0\" scrolling=\"no\" class=\"wp-embedded-content\"><\/iframe><script>\n\/*! This file is auto-generated *\/\n!function(d,l){\"use strict\";l.querySelector&&d.addEventListener&&\"undefined\"!=typeof URL&&(d.wp=d.wp||{},d.wp.receiveEmbedMessage||(d.wp.receiveEmbedMessage=function(e){var t=e.data;if((t||t.secret||t.message||t.value)&&!\/[^a-zA-Z0-9]\/.test(t.secret)){for(var s,r,n,a=l.querySelectorAll('iframe[data-secret=\"'+t.secret+'\"]'),o=l.querySelectorAll('blockquote[data-secret=\"'+t.secret+'\"]'),c=new RegExp(\"^https?:$\",\"i\"),i=0;i<o.length;i++)o[i].style.display=\"none\";for(i=0;i<a.length;i++)s=a[i],e.source===s.contentWindow&&(s.removeAttribute(\"style\"),\"height\"===t.message?(1e3<(r=parseInt(t.value,10))?r=1e3:~~r<200&&(r=200),s.height=r):\"link\"===t.message&&(r=new URL(s.getAttribute(\"src\")),n=new URL(t.value),c.test(n.protocol))&&n.host===r.host&&l.activeElement===s&&(d.top.location.href=t.value))}},d.addEventListener(\"message\",d.wp.receiveEmbedMessage,!1),l.addEventListener(\"DOMContentLoaded\",function(){for(var e,t,s=l.querySelectorAll(\"iframe.wp-embedded-content\"),r=0;r<s.length;r++)(t=(e=s[r]).getAttribute(\"data-secret\"))||(t=Math.random().toString(36).substring(2,12),e.src+=\"#?secret=\"+t,e.setAttribute(\"data-secret\",t)),e.contentWindow.postMessage({message:\"ready\",secret:t},\"*\")},!1)))}(window,document);\n\/\/# sourceURL=https:\/\/www.citen.fr\/wp\/wp-includes\/js\/wp-embed.min.js\n<\/script>\n","description":"Apr\u00e8s avoir particip\u00e9 \u2013 en 2016 &#8211; aux manifestations contre l\u2019exploitation des gaz de schistes dans le d\u00e9partement, des citoyens gardois se sont r\u00e9unis pour proposer des solutions \u00e0 la recherche de sources d\u2019\u00e9nergies propres. De leur r\u00e9flexion est n\u00e9 le projet de centrale solaire au sol \u00e0 Aubais \u2013 premi\u00e8re grosse installation de panneaux &hellip; Continuer la lecture de  &rarr;"}

Après avoir participé – en 2016 &#8211; aux manifestations contre l’exploitation des gaz de schistes dans le département, des citoyens gardois se sont réunis pour proposer des solutions à la recherche de sources d’énergies propres. De leur réflexion est né le projet de centrale solaire au sol à Aubais – première grosse installation de panneaux &hellip; Continuer la lecture de  &rarr;
